{"id":1073,"date":"2022-09-21T16:04:28","date_gmt":"2022-09-21T16:04:28","guid":{"rendered":"https:\/\/haaveilla.barbarafavaro.com\/?page_id=1073"},"modified":"2022-09-23T16:05:38","modified_gmt":"2022-09-23T16:05:38","slug":"farmacia-caruso","status":"publish","type":"page","link":"https:\/\/haaveilla.barbarafavaro.com\/index.php\/portfolio-case-study\/farmacia-caruso\/","title":{"rendered":"Farmacia Caruso"},"content":{"rendered":"<p><em><strong>Premessa<\/strong><\/em><\/p>\n<p>La <strong>Farmacia Caruso<\/strong> aveva bisogno di una Landing Page dedicata al servizio <a href=\"https:\/\/www.tamponiasiracusa.it\/\"><strong>Test Tamponi Antigenici Rapidi Covid 19 <\/strong><\/a>per informare i cittadini e i turisti in modo chiaro ed esaustivo della possibilit\u00e0 di usufruire del proprio Centro Tamponi in caso di necessit\u00e0. La Landing Page \u00e8 stata pertanto strutturata affinch\u00e9 fosse facile e immediato il contatto con il Centro Tamponi permettendo all&#8217;utente di ricevere assistenza in tempi rapidi e in totale sicurezza.<\/p>\n<p><a href=\"https:\/\/www.tamponiasiracusa.it\/\"><img loading=\"lazy\" decoding=\"async\" class=\"alignleft size-large wp-image-1074\" src=\"https:\/\/haaveilla.barbarafavaro.com\/wp-content\/uploads\/2022\/08\/tamponi-farmacia-caruso-1024x461.png\" alt=\"\" width=\"1024\" height=\"461\" srcset=\"https:\/\/haaveilla.barbarafavaro.com\/wp-content\/uploads\/2022\/08\/tamponi-farmacia-caruso-1024x461.png 1024w, https:\/\/haaveilla.barbarafavaro.com\/wp-content\/uploads\/2022\/08\/tamponi-farmacia-caruso-300x135.png 300w, https:\/\/haaveilla.barbarafavaro.com\/wp-content\/uploads\/2022\/08\/tamponi-farmacia-caruso-768x345.png 768w, https:\/\/haaveilla.barbarafavaro.com\/wp-content\/uploads\/2022\/08\/tamponi-farmacia-caruso.png 1476w\" sizes=\"auto, (max-width: 1024px) 100vw, 1024px\" \/><\/a><\/p>\n<p>&nbsp;<\/p>\n<p>&nbsp;<\/p>\n<p>&nbsp;<\/p>\n<p>&nbsp;<\/p>\n<p>&nbsp;<\/p>\n<p>&nbsp;<\/p>\n<p>&nbsp;<\/p>\n<p>&nbsp;<\/p>\n<p>&nbsp;<\/p>\n<p>&nbsp;<\/p>\n<p>&nbsp;<\/p>\n<p>&nbsp;<\/p>\n<p><em><strong>Storytelling &amp; Copywriting<\/strong><\/em><\/p>\n<p>La struttura testuale \u00e8 affidata a uno <strong>Storytelling<\/strong> focalizzato sull&#8217;ottima reputazione della <strong>Farmacia Caruso<\/strong> nel proprio territorio, doveva essere ben chiaro che il servizio offerto fa capo a una <em>Vision<\/em> aziendale che mette al primo posto un <em>Customer Care<\/em> altamente professionale e attento.<\/p>\n<p>Il <strong>Copywriting<\/strong> si \u00e8 sviluppato in due direzioni: la chiarezza delle informazioni fornite e la precisione dell&#8217;iter a cui l&#8217;utente sar\u00e0 sottoposto affinch\u00e9 il servizio possa essere erogato con la massima efficienza e la massima soddisfazione.<\/p>\n<p>Come gi\u00e0 accennato, la progettazione della <strong>User Experience<\/strong> dell&#8217;utente che approda sulla Landing Page \u00e8 stata rigorosa affinch\u00e9 fosse semplice contattare il Centro Tamponi della Farmacia Caruso nei diversi settori all&#8217;interno della pagina sia dal <em>desktop<\/em> che dal <em>mobile<\/em>.<\/p>\n<p>&nbsp;<\/p>\n<p><em>Progettazione testuale (Storytelling &amp; Copywriting)<\/em>: <a href=\"https:\/\/www.linkedin.com\/in\/barbara-favaro?original_referer=\"><strong>Barbara Favaro<\/strong><\/a><\/p>\n<p><em>Progettazione grafica<\/em>: Marco Morabito (Nautilus Adv)<\/p>\n<p>&nbsp;<\/p>\n<table style=\"border-collapse: collapse; width: 100%; height: 138px;\">\n<tbody>\n<tr style=\"height: 81px;\">\n<td style=\"width: 10%; height: 81px; text-align: center;\"><a href=\"https:\/\/haaveilla.barbarafavaro.com\/index.php\/portfolio-case-study\/bb-bel-salo\/\"><strong>B&amp;B Bel Sal\u00f2<\/strong><\/a><\/td>\n<td style=\"width: 10%; height: 81px;\"><a href=\"https:\/\/haaveilla.barbarafavaro.com\/index.php\/portfolio-case-study\/yukon\/\"><strong>Yukon<\/strong><\/a><\/td>\n<td style=\"width: 10%; height: 81px;\"><a href=\"https:\/\/haaveilla.barbarafavaro.com\/index.php\/portfolio-case-study\/scuderia-castello-2\/\"><strong>Scuderia Castello<\/strong><\/a><\/td>\n<td style=\"width: 10%; height: 81px;\"><a href=\"https:\/\/haaveilla.barbarafavaro.com\/index.php\/portfolio-case-study\/fasanella-immobiliare\/\"><strong>Fasanella Immobiliare<\/strong><\/a><\/td>\n<td style=\"width: 10%; height: 81px;\"><a href=\"https:\/\/haaveilla.barbarafavaro.com\/index.php\/portfolio-case-study\/tadaam-2\/\"><strong>Tadaam<\/strong><\/a><\/td>\n<td style=\"width: 10%; height: 81px;\"><a href=\"https:\/\/haaveilla.barbarafavaro.com\/index.php\/portfolio-case-study\/mario-carotenuto-security-criminologist\/\"><strong>Mario Carotenuto<\/strong><\/a><\/td>\n<td style=\"width: 10%; height: 81px;\"><a href=\"https:\/\/haaveilla.barbarafavaro.com\/index.php\/portfolio-case-study\/nsi-natural-system-implant\/\"><strong>NSI<\/strong><\/a><\/td>\n<td style=\"width: 10%; height: 81px;\"><a href=\"https:\/\/haaveilla.barbarafavaro.com\/index.php\/portfolio-case-study\/gen\/\"><strong>gen.<\/strong><\/a><\/td>\n<td style=\"width: 10%; height: 81px;\"><a href=\"https:\/\/haaveilla.barbarafavaro.com\/index.php\/portfolio-case-study\/follow_es\/\"><strong>Follow_Es<\/strong><\/a><\/td>\n<td style=\"width: 10%; height: 81px;\"><a href=\"https:\/\/haaveilla.barbarafavaro.com\/index.php\/portfolio-case-study\/la-tisaneria\/\"><strong>La Tisaneria<\/strong><\/a><\/td>\n<\/tr>\n<tr style=\"height: 57px;\">\n<td style=\"width: 10%; text-align: center; height: 57px;\"><a href=\"https:\/\/haaveilla.barbarafavaro.com\/index.php\/portfolio-case-study\/bd-2\/\"><strong>bd<\/strong><\/a><\/td>\n<td style=\"width: 10%; height: 57px;\"><a href=\"https:\/\/haaveilla.barbarafavaro.com\/index.php\/portfolio-case-study\/exa-innovation\/\"><strong>EXA Innovation srl<\/strong><\/a><\/td>\n<td style=\"width: 10%; height: 57px;\"><a href=\"https:\/\/haaveilla.barbarafavaro.com\/index.php\/portfolio-case-study\/anesone-triduo-2\/\"><strong>Anesone Triduo<\/strong><\/a><\/td>\n<td style=\"width: 10%; height: 57px;\"><\/td>\n<td style=\"width: 10%; height: 57px;\"><\/td>\n<td style=\"width: 10%; height: 57px;\"><\/td>\n<td style=\"width: 10%; height: 57px;\"><\/td>\n<td style=\"width: 10%; height: 57px;\"><\/td>\n<td style=\"width: 10%; height: 57px;\"><\/td>\n<td style=\"width: 10%; height: 57px;\"><\/td>\n<\/tr>\n<\/tbody>\n<\/table>\n","protected":false},"excerpt":{"rendered":"<p>Premessa La Farmacia Caruso aveva bisogno di una Landing Page dedicata al servizio Test Tamponi Antigenici Rapidi Covid 19 per informare i cittadini e i&#8230;<\/p>\n<div class=\"more-link-wrapper\"><a class=\"more-link\" href=\"https:\/\/haaveilla.barbarafavaro.com\/index.php\/portfolio-case-study\/farmacia-caruso\/\">Continua a leggere<span class=\"screen-reader-text\">Farmacia Caruso<\/span><\/a><\/div>\n","protected":false},"author":1,"featured_media":687,"parent":710,"menu_order":0,"comment_status":"closed","ping_status":"closed","template":"","meta":{"_monsterinsights_skip_tracking":false,"_monsterinsights_sitenote_active":false,"_monsterinsights_sitenote_note":"","_monsterinsights_sitenote_category":0,"footnotes":""},"class_list":["post-1073","page","type-page","status-publish","has-post-thumbnail","hentry","entry"],"yoast_head":"<!-- This site is optimized with the Yoast SEO plugin v27.3 - https:\/\/yoast.com\/product\/yoast-seo-wordpress\/ -->\n<title>Farmacia Caruso ~<\/title>\n<meta name=\"description\" content=\"La Landing Page dedicata al Centro Tamponi, servizio per informare la cittadinanza in modo chiaro ed esaustivo sulla possibilit\u00e0...\" \/>\n<meta name=\"robots\" content=\"index, follow, max-snippet:-1, max-image-preview:large, max-video-preview:-1\" \/>\n<link rel=\"canonical\" href=\"https:\/\/haaveilla.barbarafavaro.com\/index.php\/portfolio-case-study\/farmacia-caruso\/\" \/>\n<meta property=\"og:locale\" content=\"it_IT\" \/>\n<meta property=\"og:type\" content=\"article\" \/>\n<meta property=\"og:title\" content=\"Farmacia Caruso ~\" \/>\n<meta property=\"og:description\" content=\"La Landing Page dedicata al Centro Tamponi, servizio per informare la cittadinanza in modo chiaro ed esaustivo sulla possibilit\u00e0...\" \/>\n<meta property=\"og:url\" content=\"https:\/\/haaveilla.barbarafavaro.com\/index.php\/portfolio-case-study\/farmacia-caruso\/\" \/>\n<meta property=\"article:modified_time\" content=\"2022-09-23T16:05:38+00:00\" \/>\n<meta property=\"og:image\" content=\"https:\/\/haaveilla.barbarafavaro.com\/wp-content\/uploads\/2021\/11\/black-1072366_1920.jpg\" \/>\n\t<meta property=\"og:image:width\" content=\"1920\" \/>\n\t<meta property=\"og:image:height\" content=\"1280\" \/>\n\t<meta property=\"og:image:type\" content=\"image\/jpeg\" \/>\n<meta name=\"twitter:card\" content=\"summary_large_image\" \/>\n<meta name=\"twitter:label1\" content=\"Tempo di lettura stimato\" \/>\n\t<meta name=\"twitter:data1\" content=\"2 minuti\" \/>\n<script type=\"application\/ld+json\" class=\"yoast-schema-graph\">{\"@context\":\"https:\\\/\\\/schema.org\",\"@graph\":[{\"@type\":\"WebPage\",\"@id\":\"https:\\\/\\\/haaveilla.barbarafavaro.com\\\/index.php\\\/portfolio-case-study\\\/farmacia-caruso\\\/\",\"url\":\"https:\\\/\\\/haaveilla.barbarafavaro.com\\\/index.php\\\/portfolio-case-study\\\/farmacia-caruso\\\/\",\"name\":\"Farmacia Caruso ~\",\"isPartOf\":{\"@id\":\"https:\\\/\\\/haaveilla.barbarafavaro.com\\\/#website\"},\"primaryImageOfPage\":{\"@id\":\"https:\\\/\\\/haaveilla.barbarafavaro.com\\\/index.php\\\/portfolio-case-study\\\/farmacia-caruso\\\/#primaryimage\"},\"image\":{\"@id\":\"https:\\\/\\\/haaveilla.barbarafavaro.com\\\/index.php\\\/portfolio-case-study\\\/farmacia-caruso\\\/#primaryimage\"},\"thumbnailUrl\":\"https:\\\/\\\/haaveilla.barbarafavaro.com\\\/wp-content\\\/uploads\\\/2021\\\/11\\\/black-1072366_1920.jpg\",\"datePublished\":\"2022-09-21T16:04:28+00:00\",\"dateModified\":\"2022-09-23T16:05:38+00:00\",\"description\":\"La Landing Page dedicata al Centro Tamponi, servizio per informare la cittadinanza in modo chiaro ed esaustivo sulla possibilit\u00e0...\",\"breadcrumb\":{\"@id\":\"https:\\\/\\\/haaveilla.barbarafavaro.com\\\/index.php\\\/portfolio-case-study\\\/farmacia-caruso\\\/#breadcrumb\"},\"inLanguage\":\"it-IT\",\"potentialAction\":[{\"@type\":\"ReadAction\",\"target\":[\"https:\\\/\\\/haaveilla.barbarafavaro.com\\\/index.php\\\/portfolio-case-study\\\/farmacia-caruso\\\/\"]}]},{\"@type\":\"ImageObject\",\"inLanguage\":\"it-IT\",\"@id\":\"https:\\\/\\\/haaveilla.barbarafavaro.com\\\/index.php\\\/portfolio-case-study\\\/farmacia-caruso\\\/#primaryimage\",\"url\":\"https:\\\/\\\/haaveilla.barbarafavaro.com\\\/wp-content\\\/uploads\\\/2021\\\/11\\\/black-1072366_1920.jpg\",\"contentUrl\":\"https:\\\/\\\/haaveilla.barbarafavaro.com\\\/wp-content\\\/uploads\\\/2021\\\/11\\\/black-1072366_1920.jpg\",\"width\":1920,\"height\":1280},{\"@type\":\"BreadcrumbList\",\"@id\":\"https:\\\/\\\/haaveilla.barbarafavaro.com\\\/index.php\\\/portfolio-case-study\\\/farmacia-caruso\\\/#breadcrumb\",\"itemListElement\":[{\"@type\":\"ListItem\",\"position\":1,\"name\":\"Home\",\"item\":\"https:\\\/\\\/haaveilla.barbarafavaro.com\\\/\"},{\"@type\":\"ListItem\",\"position\":2,\"name\":\"Portfolio Case Study\",\"item\":\"https:\\\/\\\/haaveilla.barbarafavaro.com\\\/index.php\\\/portfolio-case-study\\\/\"},{\"@type\":\"ListItem\",\"position\":3,\"name\":\"Farmacia Caruso\"}]},{\"@type\":\"WebSite\",\"@id\":\"https:\\\/\\\/haaveilla.barbarafavaro.com\\\/#website\",\"url\":\"https:\\\/\\\/haaveilla.barbarafavaro.com\\\/\",\"name\":\"HAAVEILLA - soluzioni narrative\",\"description\":\"\",\"publisher\":{\"@id\":\"https:\\\/\\\/haaveilla.barbarafavaro.com\\\/#\\\/schema\\\/person\\\/f8073f8c61b4406f6bd45f00d7cda9f1\"},\"potentialAction\":[{\"@type\":\"SearchAction\",\"target\":{\"@type\":\"EntryPoint\",\"urlTemplate\":\"https:\\\/\\\/haaveilla.barbarafavaro.com\\\/?s={search_term_string}\"},\"query-input\":{\"@type\":\"PropertyValueSpecification\",\"valueRequired\":true,\"valueName\":\"search_term_string\"}}],\"inLanguage\":\"it-IT\"},{\"@type\":[\"Person\",\"Organization\"],\"@id\":\"https:\\\/\\\/haaveilla.barbarafavaro.com\\\/#\\\/schema\\\/person\\\/f8073f8c61b4406f6bd45f00d7cda9f1\",\"name\":\"Barbara Favaro\",\"image\":{\"@type\":\"ImageObject\",\"inLanguage\":\"it-IT\",\"@id\":\"https:\\\/\\\/secure.gravatar.com\\\/avatar\\\/a7a44da2e91675987a920c388cd97be374e74b275e95bd9395b038a78da94aa4?s=96&d=mm&r=g\",\"url\":\"https:\\\/\\\/secure.gravatar.com\\\/avatar\\\/a7a44da2e91675987a920c388cd97be374e74b275e95bd9395b038a78da94aa4?s=96&d=mm&r=g\",\"contentUrl\":\"https:\\\/\\\/secure.gravatar.com\\\/avatar\\\/a7a44da2e91675987a920c388cd97be374e74b275e95bd9395b038a78da94aa4?s=96&d=mm&r=g\",\"caption\":\"Barbara Favaro\"},\"logo\":{\"@id\":\"https:\\\/\\\/secure.gravatar.com\\\/avatar\\\/a7a44da2e91675987a920c388cd97be374e74b275e95bd9395b038a78da94aa4?s=96&d=mm&r=g\"},\"sameAs\":[\"http:\\\/\\\/barbarafavaro.com\"]}]}<\/script>\n<!-- \/ Yoast SEO plugin. -->","yoast_head_json":{"title":"Farmacia Caruso ~","description":"La Landing Page dedicata al Centro Tamponi, servizio per informare la cittadinanza in modo chiaro ed esaustivo sulla possibilit\u00e0...","robots":{"index":"index","follow":"follow","max-snippet":"max-snippet:-1","max-image-preview":"max-image-preview:large","max-video-preview":"max-video-preview:-1"},"canonical":"https:\/\/haaveilla.barbarafavaro.com\/index.php\/portfolio-case-study\/farmacia-caruso\/","og_locale":"it_IT","og_type":"article","og_title":"Farmacia Caruso ~","og_description":"La Landing Page dedicata al Centro Tamponi, servizio per informare la cittadinanza in modo chiaro ed esaustivo sulla possibilit\u00e0...","og_url":"https:\/\/haaveilla.barbarafavaro.com\/index.php\/portfolio-case-study\/farmacia-caruso\/","article_modified_time":"2022-09-23T16:05:38+00:00","og_image":[{"width":1920,"height":1280,"url":"https:\/\/haaveilla.barbarafavaro.com\/wp-content\/uploads\/2021\/11\/black-1072366_1920.jpg","type":"image\/jpeg"}],"twitter_card":"summary_large_image","twitter_misc":{"Tempo di lettura stimato":"2 minuti"},"schema":{"@context":"https:\/\/schema.org","@graph":[{"@type":"WebPage","@id":"https:\/\/haaveilla.barbarafavaro.com\/index.php\/portfolio-case-study\/farmacia-caruso\/","url":"https:\/\/haaveilla.barbarafavaro.com\/index.php\/portfolio-case-study\/farmacia-caruso\/","name":"Farmacia Caruso ~","isPartOf":{"@id":"https:\/\/haaveilla.barbarafavaro.com\/#website"},"primaryImageOfPage":{"@id":"https:\/\/haaveilla.barbarafavaro.com\/index.php\/portfolio-case-study\/farmacia-caruso\/#primaryimage"},"image":{"@id":"https:\/\/haaveilla.barbarafavaro.com\/index.php\/portfolio-case-study\/farmacia-caruso\/#primaryimage"},"thumbnailUrl":"https:\/\/haaveilla.barbarafavaro.com\/wp-content\/uploads\/2021\/11\/black-1072366_1920.jpg","datePublished":"2022-09-21T16:04:28+00:00","dateModified":"2022-09-23T16:05:38+00:00","description":"La Landing Page dedicata al Centro Tamponi, servizio per informare la cittadinanza in modo chiaro ed esaustivo sulla possibilit\u00e0...","breadcrumb":{"@id":"https:\/\/haaveilla.barbarafavaro.com\/index.php\/portfolio-case-study\/farmacia-caruso\/#breadcrumb"},"inLanguage":"it-IT","potentialAction":[{"@type":"ReadAction","target":["https:\/\/haaveilla.barbarafavaro.com\/index.php\/portfolio-case-study\/farmacia-caruso\/"]}]},{"@type":"ImageObject","inLanguage":"it-IT","@id":"https:\/\/haaveilla.barbarafavaro.com\/index.php\/portfolio-case-study\/farmacia-caruso\/#primaryimage","url":"https:\/\/haaveilla.barbarafavaro.com\/wp-content\/uploads\/2021\/11\/black-1072366_1920.jpg","contentUrl":"https:\/\/haaveilla.barbarafavaro.com\/wp-content\/uploads\/2021\/11\/black-1072366_1920.jpg","width":1920,"height":1280},{"@type":"BreadcrumbList","@id":"https:\/\/haaveilla.barbarafavaro.com\/index.php\/portfolio-case-study\/farmacia-caruso\/#breadcrumb","itemListElement":[{"@type":"ListItem","position":1,"name":"Home","item":"https:\/\/haaveilla.barbarafavaro.com\/"},{"@type":"ListItem","position":2,"name":"Portfolio Case Study","item":"https:\/\/haaveilla.barbarafavaro.com\/index.php\/portfolio-case-study\/"},{"@type":"ListItem","position":3,"name":"Farmacia Caruso"}]},{"@type":"WebSite","@id":"https:\/\/haaveilla.barbarafavaro.com\/#website","url":"https:\/\/haaveilla.barbarafavaro.com\/","name":"HAAVEILLA - soluzioni narrative","description":"","publisher":{"@id":"https:\/\/haaveilla.barbarafavaro.com\/#\/schema\/person\/f8073f8c61b4406f6bd45f00d7cda9f1"},"potentialAction":[{"@type":"SearchAction","target":{"@type":"EntryPoint","urlTemplate":"https:\/\/haaveilla.barbarafavaro.com\/?s={search_term_string}"},"query-input":{"@type":"PropertyValueSpecification","valueRequired":true,"valueName":"search_term_string"}}],"inLanguage":"it-IT"},{"@type":["Person","Organization"],"@id":"https:\/\/haaveilla.barbarafavaro.com\/#\/schema\/person\/f8073f8c61b4406f6bd45f00d7cda9f1","name":"Barbara Favaro","image":{"@type":"ImageObject","inLanguage":"it-IT","@id":"https:\/\/secure.gravatar.com\/avatar\/a7a44da2e91675987a920c388cd97be374e74b275e95bd9395b038a78da94aa4?s=96&d=mm&r=g","url":"https:\/\/secure.gravatar.com\/avatar\/a7a44da2e91675987a920c388cd97be374e74b275e95bd9395b038a78da94aa4?s=96&d=mm&r=g","contentUrl":"https:\/\/secure.gravatar.com\/avatar\/a7a44da2e91675987a920c388cd97be374e74b275e95bd9395b038a78da94aa4?s=96&d=mm&r=g","caption":"Barbara Favaro"},"logo":{"@id":"https:\/\/secure.gravatar.com\/avatar\/a7a44da2e91675987a920c388cd97be374e74b275e95bd9395b038a78da94aa4?s=96&d=mm&r=g"},"sameAs":["http:\/\/barbarafavaro.com"]}]}},"_links":{"self":[{"href":"https:\/\/haaveilla.barbarafavaro.com\/index.php\/wp-json\/wp\/v2\/pages\/1073","targetHints":{"allow":["GET"]}}],"collection":[{"href":"https:\/\/haaveilla.barbarafavaro.com\/index.php\/wp-json\/wp\/v2\/pages"}],"about":[{"href":"https:\/\/haaveilla.barbarafavaro.com\/index.php\/wp-json\/wp\/v2\/types\/page"}],"author":[{"embeddable":true,"href":"https:\/\/haaveilla.barbarafavaro.com\/index.php\/wp-json\/wp\/v2\/users\/1"}],"replies":[{"embeddable":true,"href":"https:\/\/haaveilla.barbarafavaro.com\/index.php\/wp-json\/wp\/v2\/comments?post=1073"}],"version-history":[{"count":5,"href":"https:\/\/haaveilla.barbarafavaro.com\/index.php\/wp-json\/wp\/v2\/pages\/1073\/revisions"}],"predecessor-version":[{"id":1133,"href":"https:\/\/haaveilla.barbarafavaro.com\/index.php\/wp-json\/wp\/v2\/pages\/1073\/revisions\/1133"}],"up":[{"embeddable":true,"href":"https:\/\/haaveilla.barbarafavaro.com\/index.php\/wp-json\/wp\/v2\/pages\/710"}],"wp:featuredmedia":[{"embeddable":true,"href":"https:\/\/haaveilla.barbarafavaro.com\/index.php\/wp-json\/wp\/v2\/media\/687"}],"wp:attachment":[{"href":"https:\/\/haaveilla.barbarafavaro.com\/index.php\/wp-json\/wp\/v2\/media?parent=1073"}],"curies":[{"name":"wp","href":"https:\/\/api.w.org\/{rel}","templated":true}]}}